In base 4, what is -22 + -12010?
-12032
In base 4, what is -202 - -3102013?
3101211
In base 3, what is 1002 + 101002022?
101010101
In base 11, what is -42 - -914?
882
In base 11, what is 16 - -58094?
580aa
In base 3, what is -122210202011 + -1?
-122210202012
In base 7, what is 4 + 124360?
124364
In base 2, what is -11101 + 11111011100011?
11111011000110
In base 15, what is 52 - -66c?
6be
In base 9, what is 1 - 48354?
-48353
In base 7, what is 114 - 32?
52
In base 6, what is -221412 + -4?
-221420
In base 7, what is 2 + -3024143?
-3024141
In base 14, what is -188480 - 4?
-188484
In base 11, what is -2423 + 1?
-2422
In base 15, what is -2 - 92c?
-92e
In base 8, what is -11 + -40567?
-40600
In base 3, what is 121101 - 200?
120201
In base 10, what is -2097 + 233?
-1864
In base 4, what is -311200 + -21?
-311221
In base 16, what is 81a - 9b?
77f
In base 11, what is 85 - -1184?
1259
In base 7, what is -654 + -1263?
-2250
In base 13, what is 854 - 47?
80a
In base 14, what is -3 + 301c?
3019
In base 6, what is -4025420 - -4?
-4025412
In base 16, what is -2 + -f7dd?
-f7df
In base 5, what is 10 + 112103202?
112103212
In base 15, what is -1c8d - 60?
-1ced
In base 7, what is -1 - -125306?
125305
In base 4, what is 120 + 330111313?
330112033
In base 10, what is -6617 + -51?
-6668
In base 12, what is 5 - 13a66?
-13a61
In base 12, what is -5 + 40a47?
40a42
In base 15, what is -15221 + 5?
-1521b
In base 13, what is -3173c - 3?
-31742
In base 11, what is 56 + -15a54?
-159a9
In base 14, what is -4 + 77716?
77712
In base 12, what is 6899 + 23?
6900
In base 8, what is 7145 + 11?
7156
In base 4, what is -200133310 + 30?
-200133220
In base 7, what is -1212 + -403?
-1615
In base 5, what is 4400102 + 14?
4400121
In base 11, what is 4 - 26a84?
-26a80
In base 2, what is 1100 - 1011110?
-1010010
In base 13, what is 0 + 1649?
1649
In base 8, what is 0 - 10522?
-10522
In base 11, what is -26 + 2aaa?
2a84
In base 15, what is -5 + -4eaa?
-4eb0
In base 9, what is -4 + 6128?
6124
In base 11, what is 1734 + -1108?
627
In base 4, what is -1121002 + 1210?
-1113132
In base 7, what is -5521 - 430?
-6251
In base 3, what is 222111210010 - 0?
222111210010
In base 7, what is -3043 - 2?
-3045
In base 12, what is 92 + -107b3?
-10721
In base 8, what is -407 - -14?
-373
In base 16, what is 94 - -123?
1b7
In base 14, what is -1 + -179a8?
-179a9
In base 5, what is 314200323 - 10?
314200313
In base 3, what is -100021211011 + -11?
-100021211022
In base 9, what is -104 - 285?
-400
In base 6, what is -2102110 - 5?
-2102115
In base 3, what is -2 + 2112002212?
2112002210
In base 5, what is 101243 + 0?
101243
In base 16, what is -43bc6 + -4?
-43bca
In base 8, what is -6165 - 155?
-6342
In base 6, what is 11 - -20112?
20123
In base 9, what is -405573 + 3?
-405570
In base 11, what is a - 6a81?
-6a72
In base 14, what is 3 + 12ba?
12bd
In base 12, what is -45b79 + -4?
-45b81
In base 2, what is 11100010 + -1?
11100001
In base 16, what is 56709 + 5?
5670e
In base 3, what is -1020220 - -102102?
-211111
In base 16, what is -5 + 50?
4b
In base 9, what is 43055 - 17?
43037
In base 6, what is 254 - -30312?
31010
In base 5, what is -13 - -143441?
143423
In base 3, what is -11 + 1200002011001?
1200002010220
In base 8, what is 10015506 - -5?
10015513
In base 12, what is 0 - 3ab914?
-3ab914
In base 13, what is -47 + 6?
-41
In base 12, what is -72 - 3503?
-3575
In base 9, what is 40262 + -5?
40256
In base 5, what is 10 + 20243?
20303
In base 2, what is -111110010100 - -101?
-111110001111
In base 4, what is 11 + -101020330?
-101020313
In base 3, what is 12 - -220011211100?
220011211112
In base 2, what is 10100010110001 - -1001?
10100010111010
In base 5, what is 1001130100 + 1?
1001130101
In base 13, what is -5 + 83b7?
83b2
In base 7, what is -20 + -1654?
-2004
In base 14, what is 4276 + 3?
4279
In base 12, what is -7 + 4a6?
49b
In base 15, what is -49 - 1c88?
-1cd2
In base 14, what is -9 + 4165?
415a
In base 12, what is 15 + -33b91?
-33b78
In base 12, what is 10 - a00?
-9b0
In base 4, what is 13031 - 1122?
11303
In base 10, what is -4870 + 232?
-4638
In base 10, what is -667111 + 4?
-667107
In base 4, what is 113110322 - 11?
113110311
In base 15, what is 30e1 + 1?
30e2
In base 11, what is -26 - 128?
-153
In base 2, what is 100 + 10001110001000011111?
10001110001000100011
In base 6, what is -13445 - 30?
-13515
In base 9, what is -583 + 3685?
3102
In base 4, what is 220331 + 33?
221030
In base 15, what is -2 - -351e?
351c
In base 15, what is -2 - 15136?
-15138
In base 3, what is -2 - -1101001221002?
1101001221000
In base 12, what is 410573 - -3?
410576
In base 8, what is -171 + 2011?
1620
In base 16, what is 10d21 - -4?
10d25
In base 8, what is 4 + -322450?
-322444
In base 12, what is 4 + 243951?
243955
In base 13, what is 3a48 - -65?
3ab0
In base 12, what is -2494 + -6?
-249a
In base 7, what is 65654 + 1?
65655
In base 12, what is -212a + 1?
-2129
In base 5, what is 23230 - 112?
23113
In base 9, what is -1166 + -55?
-1232
In base 11, what is -541561 - 0?
-541561
In base 14, what is 4 + -3a03?
-39dd
In base 14, what is 108b5 + 7?
108bc
In base 7, what is -204143 - 5?
-204151
In base 6, what is 113005 + 41?
113050
In base 7, what is 212214 - -62?
212306
In base 3, what is 1102022012012 + 10?
1102022012022
In base 16, what is 3 - bfd?
-bfa
In base 2, what is 10001111011011000 - -11100?
10001111011110100
In base 4, what is -1 - -32110?
32103
In base 8, what is -25676172 + -4?
-25676176
In base 13, what is -c869 - -4?
-c865
In base 8, what is 210 + 11530?
11740
In base 5, what is -20 - 104344?
-104414
In base 9, what is -5 + 45081?
45075
In base 2, what is 1110001101010010 + 0?
1110001101010010
In base 3, what is -11 + -12010122?
-12010210
In base 16, what is df1 - -2d?
e1e
In base 9, what is -6 - -148687?
148681
In base 14, what is -991 - -5?
-98a
In base 14, what is 147673 - 3?
147670
In base 9, what is 62 - 18570?
-18507
In base 16, what is -61 - 26c?
-2cd
In base 6, what is 334303 - -1?
334304
In base 14, what is -298 + 93?
-205
In base 11, what is -5 - -8a04?
89aa
In base 3, what is 12 + 1111101212?
1111102001
In base 13, what is 2569 - -30?
2599
In base 2, what is -11000 + -1011100111010000?
-1011100111101000
In base 10, what is 10139 - -85?
10224
In base 13, what is -4 + 3147?
3143
In base 14, what is -5 - 23d93?
-23d98
In base 9, what is -5 + 161064?
161058
In base 8, what is -4 - 6056?
-6062
In base 16, what is 6c - 4ec?
-480
In base 14, what is 5c5643 + -4?
5c563d
In base 14, what is -11ab + 159?
-1052
In base 10, what is -212522 - 23?
-212545
In base 9, what is 2600 + -7?
2582
In base 12, what is -159a + 12?
-1588
In base 4, what is -1333100 - 1001?
-2000101
In base 15, what is -73c85 - 2?
-73c87
In base 13, what is -55 + 100?
78
In base 10, what is 19 - 45663?
-45644
In base 7, what is -40431 + -103?
-40534
In base 4, what is -112 - -3313002?
3312230
In base 16, what is 1c - 1ef7d?
-1ef61
In base 13, what is 14b + -34?
117
In base 10, what is 752 - 33?
719
In base 8, what is -706 - 335?
-1243
In base 16, what is -13508 - 5?
-1350d
In base 9, what is 2362 + 0?
2362
In base 11, what is 26 + -44a?
-424
In base 13, what is -4644b5 - -3?
-4644b2
In base 9, what is -5 + 48547?
48542
In base 6, what is 12 - 105530?
-105514
In base 16, what is 7 + -c4c8?
-c4c1
In base 12, what is -2 - 3a5209?
-3a520b
In base 13, what is -133 - -114?
-1c
In base 2, what is -1110000100101000 - 101?
-1110000100101101
In base 7, what is -41 + -25653?
-26024
In base 7, what is -2 - 4256600?
-4256602
In base 14, what is 471c + -5?
4717
In base 8, what is 2 + 1420715?
1420717
In base 9, what is -5 + 158330?
158324
In base 5, what is 212022 - 1?
212021
In base 2, what is 1100000110 - -11101100010?
101001101000
In base 5, what is 240341402 + -4?
240341343
In base 7, what is 5644 - 106?
5535
In base 3, what is 11220211211 - 1?
11220211210
In base 12, what is 24254a + -4?
242546
In base 15, what is -718 - -3c?
-6cb
In base 16, what is -8fa + 2b?
-8cf
In base 6, what is -103513 + -13?
-103530
In base 10, what is 37854 + 1?
37855
In base 5, what is -2101 + -2?
-2103
In base 2, what is -111010111 + -1001?
-111100000
In base 15, what is -2 + 9802?
9800
In base 3, what is 112201 - -120211?
1010112
In base 16, what is -230e - 40?
-234e
In base 9,